 -79. Calculate the remainder when 154 is divided by n.
11
Suppose -2*m = -u + 25 - 64, 3*u = -3*m - 81. Let n = -19 - u. Calculate the remainder when (16*4)/2 - -2 is divided by n.
10
Suppose x - 3 = -3*r, -r = x - 6*x + 15. What is the remainder when x is divided by 2?
1
Let k(w) = 8*w**2 - 3*w + 4. Calculate the remainder when k(-3) is divided by 30.
25
Calculate the remainder when (-1 + 4 - 2) + 22 is divided by 13.
10
Let q(t) = t**3 - 2*t**2 + 4*t + 1. What is the remainder when q(2) is divided by 5?
4
Let c = -12 + 38. Calculate the remainder when c is divided by 14.
12
Let s be (-5)/((-1 - 1) + 1). Suppose -h + 271 = s*l + h, l = -h + 56. Calculate the remainder when l is divided by 18.
17
Let i be (-4 - -2) + -1 + 0. Let t(o) = -9*o. What is the remainder when t(i) is divided by 7?
6
Let d be 4/(-3)*9/(-6). Suppose 0 = 5*o + 10, -5*o + 57 = 3*s - d*o. Let p(r) = 5*r**2 - r - 1. What is the remainder when p(3) is divided by s?
20
Suppose 6*h - 63 = 183. Let m = 0 + 1. What is the remainder when h is divided by m + 1 + -2 - -14?
13
Suppose 0 = -3*o - 0*o. Let f = 3 - o. Suppose -c + 4*x = f*c - 64, 5*c - 98 = -4*x. Calculate the remainder when c is divided by 10.
8
Suppose -5*v = 25, -v - 8 = -5*n + 7. Let z(k) = -3 + n - k + 0 - 3*k. Calculate the remainder when 44 is divided by z(-6).
21
Let i(b) = -11*b + 6. Let r be i(4). Suppose -12*d + 5*d = 616. Let l = r - d. What is the remainder when l is divided by 13?
11
Let z(k) = -k**3 - 6*k**2 - k + 2. Let d be (0 - 0)*1/(-1). Let m = -6 + d. What is the remainder when z(m) is divided by 5?
3
What is the remainder when 78 is divided by (64/(-24))/((-3)/18)?
14
What is the remainder when 42 is divided by (-3)/((-9)/(-4))*132/(-8)?
20
Suppose -60 = -6*a + a. Suppose -4*n + 4 = -a. Calculate the remainder when 15 is divided by n.
3
Let q(x) = -x**3 - 7*x**2 - 7*x - 1. Let w be q(-6). Let s = 14 - w. What is the remainder when 16 is divided by s?
7
Calculate the remainder when 2/(-8) - (-909)/36 is divided by 3.
1
Suppose 0 = 3*f - 5 - 1. Suppose -5*p = f*w - 20 - 2, 2*w = 3*p - 10. Calculate the remainder when 2*2/(p/35) is divided by 12.
11
Suppose o + o = -4*p + 348, 4*o = -p + 80. What is the remainder when p is divided by 23?
19
Let y(q) = q**3 + 7*q**2 - 9*q - 6. Let h = 11 - 19. Let d be y(h). Suppose d = 2*z, 5*m - 109 = 2*z - 6*z. Calculate the remainder when m is divided by 6.
3
Let h(a) = -a**2 - 5*a + 6. Let f be h(-5). Let v be (38/3)/(f/27). Suppose 0 = b + 2*b - v. Calculate the remainder when b is divided by 10.
9
Suppose -4*b = -3*s - 135, 2*b + 2*b - 150 = -2*s. Calculate the remainder when b is divided by 10.
6
Let v be (-2)/(-3) - 13/(-3). Suppose v*a = y - 65, -2*y = -a - 2*a - 165. Suppose -5*r = -y + 15. What is the remainder when 28 is divided by r?
13
Let f(h) be the second derivative of -h**3/3 + h**2 + 2*h. Let b be f(5). Calculate the remainder when 14 is divided by (0 + -1)/(1/b).
6
Suppose 3*n - n + u = 40, 2*u = -2*n + 36. Calculate the remainder when n is divided by 13.
9
Let j = 2 + -1. Let m(q) = 0*q**2 - 1 - 4*q**3 + 19*q**3 + 0*q**2. What is the remainder when 26 is divided by m(j)?
12
Let c(m) = -1 + 3*m - 3*m + 11*m. Suppose 4*t = 2*r + 116, 4*r - 48 = -2*t - 0*t. Calculate the remainder when t is divided by c(1).
8
Let k = -2 + 6. Suppose k*l + 45 = -t + 6*t, 4*t + l = 36. What is the remainder when 16 is divided by t?
7
Let f be 2*(-1 + (-26)/(-4)). Suppose -2*d + f + 27 = 0. What is the remainder when d is divided by 7?
5
Let c(t) = -7*t**2 + 11. Let r(m) = -m**2 - m + 1. Let i(y) = -c(y) + 3*r(y). What is the remainder when i(5) is divided by 20?
17
Suppose 5*y - 76 = 4*g, y - 6 = -g + 2. Let n(m) = 13*m - 73. What is the remainder when y is divided by n(6)?
2
Suppose -5*n + 0*n + 435 = 0. Let b = 2 + 13. Calculate the remainder when (-2)/(-4) + n/2 is divided by b.
14
Let l = 57 + -7. Calculate the remainder when l is divided by 13.
11
Let j = 25 + 6. Calculate the remainder when 89 is divided by j.
27
Suppose y - 6 = -x + 4*x, 0 = -3*y. Let v(q) = -3*q + 2. What is the remainder when v(x) is divided by 5?
3
Let a(t) = -t**3 + 7*t**2 + 3*t + 5. What is the remainder when 75 is divided by a(7)?
23
Let m(p) = -p**2 - 6*p + 5. Let c(v) = v**3 - 4*v**2 - 7*v + 4. Let b be c(5). Calculate the remainder when 18 is divided by m(b).
3
Suppose q = -0*q - o + 34, -o + 96 = 3*q. Calculate the remainder when 86 is divided by q.
24
Suppose -17 = 5*w - 67. Let n = w + 1. Calculate the remainder when 32 is divided by n.
10
Let f(h) = 3*h - 4. Let l be f(4). Suppose 2*b = 2 + l. What is the remainder when 13 is divided by b?
3
Let o(k) = k. Let d be o(7). Let a = d + -5. Suppose a*s - 11 = 7. What is the remainder when 25 is divided by s?
7
Suppose 2*d = -2*d + 216. What is the remainder when d is divided by 19?
16
Let k(i) = 4*i**3 - i**2 + i. Calculate the remainder when 15 is divided by k(1).
3
Let j = -93 + 142. Let d = -29 + j. Calculate the remainder when 57 is divided by d.
17
What is the remainder when (-83)/(-7) - (-3)/21 is divided by 5?
2
Let t(h) be the second derivative of -h**5/20 + 5*h**4/12 + h**3/2 - h**2/2 - h. Suppose 0 = -6*l + 3*l + 42. What is the remainder when t(4) is divided by l?
13
Suppose 5*k - 4*z - 53 = 0, 2*z = 2*k + 3*z - 16. What is the remainder when 15 is divided by k?
6
Let q(b) = b**2 - 3*b - 3. Suppose 0*u - 4 = 2*u. What is the remainder when q(-2) is divided by u/(-4) + (-28)/(-8)?
3
Let u(s) = -7*s - 17. What is the remainder when u(-4) is divided by 2?
1
Suppose -45 = -i - a, 0 = -4*i + 2*i + a + 96. Calculate the remainder when i is divided by 16.
15
Calculate the remainder when 9 is divided by 15/6 - (-2)/(-4).
1
Let x = -42 + 67. What is the remainder when x is divided by 7?
4
Let p(r) = r**2 + 2*r + 8. What is the remainder when 46 is divided by p(-4)?
14
Let b(l) = 2*l**3 + l**2 - 4*l + 13. What is the remainder when 73 is divided by b(2)?
23
Let s(r) = r**3 + 6*r**2 + 8. Suppose -63 + 0 = -3*u. Calculate the remainder when u is divided by s(-6).
5
Let t(d) = 8*d + 4. Calculate the remainder when 54 is divided by t(3).
26
What is the remainder when 28 is divided by 13 + 1 - (-6 - -8)?
4
Let m(a) = a**2 - 9*a - 4. Let f be m(10). Suppose -n + 1 = -f. Calculate the remainder when 12 is divided by n.
5
Let f = 13 - 10. Let g = 1 - -1. Suppose -25 = -g*a - 3*a. Calculate the remainder when a is divided by f.
2
Let u(o) = 26*o**2 - 1. Calculate the remainder when u(1) is divided by 10.
5
Let x(n) = 2*n**2 + 15*n - 8. What is the remainder when 246 is divided by x(-9)?
18
Let h(s) = -8*s**2 - 2*s - 2. Let c be h(-1). Suppose 0 = -0*t + 4*t - 32. Calculate the remainder when ((-102)/t)/(3/c) is divided by 12.
10
Let t = -5 + 5. Let d(w) = -w**2 + w + 3. Suppose -i + 3*a + 2 = 0, 0*i = 2*i - 3*a - 7. What is the remainder when i is divided by d(t)?
2
Let u = -1 - -4. Let q = 2 - -3. What is the remainder when q is divided by u?
2
Let n(a) be the third derivative of 7*a**5/60 - a**4/24 + a**3/3 - a**2. Calculate the remainder when n(2) is divided by 9 - (-1)/(-3)*-3.
8
Suppose 5*c - 24 = -4. Calculate the remainder when 1/2*c + 18 is divided by 11.
9
Calculate the remainder when 45 is divided by 25/((0 - 3) + 4) + -2.
22
Let j = 350 + -241. Calculate the remainder when j is divided by 11.
10
Let i = -17 - -29. Let a be 1 + 3*(-4)/3. Let x = a + i. What is the remainder when 25 is divided by x?
7
Let q(h) = 0*h**2 - 3*h**2 - 6*h - 3 + 2*h**2. Let a be q(-5). Suppose 4*r - a*r - 50 = 0. Calculate the remainder when r is divided by 9.
7
Suppose 2*f + 47 = f + 4*v, -4*v + 12 = 0. Let t = 58 + f. What is the remainder when t is divided by 8?
7
Let r(n) = -95*n - 26. What is the remainder when r(-3) is divided by 29?
27
Let b(k) = -k**2 + 15*k - 11. Let q be b(14). Suppose q*j - 7 - 26 = c, 3 = -c. What is the remainder when j is divided by 6?
4
Suppose 2*o - 197 = -2*o - 5*q, -q = -5*o + 239. Let c(s) = 17*s**2. Calculate the remainder when o is divided by c(1).
14
Let n(f) = -12*f + 1. What is the remainder when n(-3) is divided by 14?
9
Let g(c) = c + 2. Let z(l) = 4*l + 7 - 2*l + 0*l - l. Calculate the remainder when z(-3) is divided by g(0).
0
Let x(r) = 2*r**2 + 5*r + 2. Let h(a) = -4*a + 6. Let l be h(-5). Suppose w - l = 